r when 474 is divided by 20.
14
What is the remainder when 759 is divided by 417?
342
What is the remainder when 2188 is divided by 1077?
34
What is the remainder when 416 is divided by 113?
77
Calculate the remainder when 70 is divided by 24.
22
Calculate the remainder when 2212 is divided by 54.
52
Calculate the remainder when 404 is divided by 14.
12
What is the remainder when 9864 is divided by 253?
250
Calculate the remainder when 4073 is divided by 2036.
1
Calculate the remainder when 51335 is divided by 124.
123
What is the remainder when 88 is divided by 34?
20
Calculate the remainder when 68 is divided by 23.
22
Calculate the remainder when 285 is divided by 16.
13
Calculate the remainder when 2209 is divided by 552.
1
Calculate the remainder when 107 is divided by 57.
50
Calculate the remainder when 2067 is divided by 90.
87
Calculate the remainder when 26 is divided by 15.
11
What is the remainder when 389 is divided by 47?
13
Calculate the remainder when 96 is divided by 42.
12
What is the remainder when 1488 is divided by 25?
13
What is the remainder when 60 is divided by 25?
10
Calculate the remainder when 34 is divided by 31.
3
What is the remainder when 877 is divided by 40?
37
What is the remainder when 1003 is divided by 72?
67
Calculate the remainder when 10 is divided by 6.
4
What is the remainder when 2783 is divided by 253?
0
What is the remainder when 138 is divided by 45?
3
Calculate the remainder when 74 is divided by 62.
12
Calculate the remainder when 25 is divided by 19.
6
Calculate the remainder when 329 is divided by 112.
105
What is the remainder when 127 is divided by 19?
13
What is the remainder when 74 is divided by 19?
17
What is the remainder when 152 is divided by 143?
9
Calculate the remainder when 223 is divided by 113.
110
Calculate the remainder when 269 is divided by 16.
13
Calculate the remainder when 377 is divided by 36.
17
What is the remainder when 769 is divided by 19?
9
What is the remainder when 152 is divided by 14?
12
What is the remainder when 165 is divided by 7?
4
Calculate the remainder when 928 is divided by 140.
88
What is the remainder when 362 is divided by 14?
12
What is the remainder when 264 is divided by 4?
0
Calculate the remainder when 95 is divided by 24.
23
Calculate the remainder when 777 is divided by 26.
23
Calculate the remainder when 307 is divided by 53.
42
What is the remainder when 265 is divided by 60?
25
What is the remainder when 245 is divided by 155?
90
What is the remainder when 805 is divided by 213?
166
Calculate the remainder when 122 is divided by 23.
7
Calculate the remainder when 2333 is divided by 90.
83
What is the remainder when 1439 is divided by 475?
14
What is the remainder when 633 is divided by 233?
167
Calculate the remainder when 728 is divided by 82.
72
What is the remainder when 596 is divided by 50?
46
What is the remainder when 61 is divided by 23?
15
Calculate the remainder when 78 is divided by 30.
18
What is the remainder when 69 is divided by 5?
4
Calculate the remainder when 999 is divided by 21.
12
Calculate the remainder when 306 is divided by 53.
41
Calculate the remainder when 509 is divided by 253.
3
What is the remainder when 1187 is divided by 19?
9
Calculate the remainder when 688 is divided by 83.
24
What is the remainder when 641 is divided by 46?
43
What is the remainder when 112 is divided by 15?
7
What is the remainder when 1087 is divided by 281?
244
What is the remainder when 322 is divided by 9?
7
What is the remainder when 76 is divided by 26?
24
What is the remainder when 79 is divided by 44?
35
What is the remainder when 321 is divided by 52?
9
Calculate the remainder when 171 is divided by 54.
9
What is the remainder when 37 is divided by 15?
7
What is the remainder when 193 is divided by 28?
25
Calculate the remainder when 510 is divided by 138.
96
Calculate the remainder when 112 is divided by 20.
12
Calculate the remainder when 1124 is divided by 528.
68
What is the remainder when 585 is divided by 158?
111
What is the remainder when 1943 is divided by 626?
65
Calculate the remainder when 325 is divided by 140.
45
Calculate the remainder when 603 is divided by 4.
3
What is the remainder when 165 is divided by 4?
1
Calculate the remainder when 8 is divided by 1.
0
Calculate the remainder when 492 is divided by 16.
12
What is the remainder when 1797 is divided by 106?
101
What is the remainder when 238 is divided by 15?
13
What is the remainder when 9980 is divided by 128?
124
Calculate the remainder when 79 is divided by 22.
13
What is the remainder when 757 is divided by 33?
31
What is the remainder when 859 is divided by 125?
109
Calculate the remainder when 298 is divided by 32.
10
What is the remainder when 473 is divided by 25?
23
Calculate the remainder when 760 is divided by 1.
0
What is the remainder when 592 is divided by 99?
97
Calculate the remainder when 151 is divided by 32.
23
What is the remainder when 13066 is divided by 36?
34
Calculate the remainder when 113 is divided by 29.
26
What is the remainder when 326 is divided by 145?
36
What is the remainder when 1304 is divided by 57?
50
What is the remainder when 45 is divided by 18?
9
What is the remainder when 110 is divided by 94?
16
What is the remainder when 74526 is divided by 68?
66
What is the remainder when 91 is divided by 46?
45
Calculate the remainder when 268 is divided by 170.
98
Calculate the remainder when 129 is divided by 34.
27
Calculate the remainder when 2889 is divided by 59.
57
Calculate the remainder when 1092 is divided by 361.
9
What is the remainder when 41 is divided by 15?
11
What is the remainder when 84 is divided by 19?
8
What is the remainder when 1164 is divided by 64?
12
Calculate the remainder when 943 is divided by 312.
7
What is the remainder when 355 is divided by 129?
97
What is the remainder when 596 is divided by 77?
57
What is the remainder when 3052 is divided by 16?
12
Calculate the remainder when 1662 is divided by 332.
2
What is the remainder when 2499 is divided by 315?
294
What is the remainder when 2116 is divided by 118?
110
Calculate the remainder when 15596 is divided by 60.
56
Calculate the remainder when 80 is divided by 31.
18
Calculate the remainder when 458 is divided by 44.
18
Calculate the remainder when 4005 is divided by 236.
229
What is the remainder when 4093 is divided by 21?
19
What is the remainder when 1763 is divided by 19?
15
Calculate the remainder when 54 is divided by 6.
0
Calculate the remainder when 5517 is divided by 16.
13
What is the remainder when 564 is divided by 113?
112
Calculate the remainder when 434 is divided by 114.
92
Calculate the remainder when 1808 is divided by 899.
10
Calculate the remainder when 273 is divided by 92.
89
What is the remainder when 142 is divided by 21?
16
Calculate the remainder when 121 is divided by 111.
10
What is the remainder when 38 is divided by 17?
4
What is the remainder when 943 is divided by 79?
74
Calculate the remainder when 18908 is divided by 155.
153
What is the remainder when 270 is divided by 17?
15
What is the remainder when 802 is divided by 67?
65
Calculate the remainder when 1705 is divided by 61.
58
Calculate the remainder when 244 is divided by 66.
46
Calculate the remainder when 299 is divided by 43.
41
What is the remainder when 18609 is divided by 22?
19
Calculate the remainder when 5142 is divided by 105.
102
Calculate the remainder when 16107 is divided by 304.
299
What is the remainder when 211 is divided by 53?
52
Calculate the remainder when 1715 is divided by 12.
11
Calculate the remainder when 454 is divided by 59.
41
What is the remainder when 397 is divided by 100?
97
Calculate the remainder when 1140 is divided by 7.
6
What is the remainder when 162 is divided by 12?
6
Calculate the remainder when 647 is divided by 72.
71
What is the remainder when 85 is divided by 46?
39
Calculate the remainder when 743 is divided by 30.
23
What is the remainder when 10447 is divided by 156?
151
Calculate the remainder when 1878 is divided by 126.
114
Calculate the remainder when 3856 is divided by 161.
153
What is the remainder when 198 is divided by 150?
48
What is the remainder when 240 is divided by 50?
40
What is 